). Let j = 8 + b. Suppose j = -3*g + 94. What are the prime factors of g?
3
Let w(v) = 5*v**3 - 8*v**2 + 5*v - 15. Let d(t) = 3*t**3 - 4*t**2 + 3*t - 8. Let a(o) = -7*d(o) + 4*w(o). List the prime factors of a(-6).
2, 37
Let a(j) = 4*j. Suppose -95 + 10 = -5*o. List the prime factors of a(o).
2, 17
Let u(t) = -t**3 + 5*t**2 + 5*t - 6. Let m be u(-5). Suppose -3*d + m = -4*a + 938, -542 = -3*a + 5*d. What are the prime factors of a?
179
Suppose -2*i + 4 = -6*o + 2*o, 0 = 2*i + 2*o - 10. Suppose -5*p + 235 = -4*g + 47, i*g = 3*p - 116. List the prime factors of p.
2, 3
Let t = -18 - -4. Let d be 3 + (1 - (-2 + t)). List the prime factors of (16/d)/((-2)/(-95)).
2, 19
Suppose 8 = 3*l + 5*t, 3*t - 4 = -2*l + 3. List the prime factors of 1/(-2)*-10*l.
5, 11
Let j = 21 - 21. Suppose j = 2*u + 2*u - 388. Suppose u + 127 = 4*x. What are the prime factors of x?
2, 7
Let h(i) = i**2 + 9*i - 8. Let b be h(-10). Let a(u) = -2 - 6*u + b + u**2 + 3. List the prime factors of a(6).
3
Suppose 5*m = -p - 12, 2*m = -4*p - 5 - 7. Suppose 3*t - 31 - 20 = 0. List the prime factors of t + (m - (-1 - 2)).
2, 3
Suppose 13*m - 15233 - 22233 = 0. List the prime factors of m.
2, 11, 131
Let f(y) be the first derivative of y**3/3 + 9*y**2/2 - y - 2. Let a be f(-5). What are the prime factors of 2*(a/(-2) + 1)?
23
Suppose -532 = 285*q - 289*q. What are the prime factors of q?
7, 19
List the prime factors of ((-4983)/44)/((-6)/16).
2, 151
Let h = -8 + 9. Let m be (-2 - -7)/(1/h). Suppose 164 = m*n + o, n = -3*o + 7 + 23. What are the prime factors of n?
3, 11
Suppose -85 = r + 106. Let i = -101 - r. What are the prime factors of i?
2, 3, 5
Suppose -c + 34 = -49. Suppose w + 26 = 2*p, 4*w - 5*p + 6 = -c. What are the prime factors of 216/10 - w/40?
2, 11
Let o = 66 + -62. List the prime factors of -3*(-1686)/72 - 1/o.
2, 5, 7
What are the prime factors of (-4186)/(-56) - (-3)/(-4)?
2, 37
Suppose 0 = -17*f + 8*f + 54. Suppose 3*w + f = 0, x = -4*w + w + 157. List the prime factors of x.
163
Let c be (-1)/6*-3*2. List the prime factors of 170 + c + 20/(-5).
167
Suppose r + 4*z + 10 = -0*r, 3*r + 2*z = 0. Suppose 0 = -r*h - 21 - 5. Let t = 55 + h. List the prime factors of t.
2, 3, 7
Let n(d) = d**2 + d + 2. Let h be (-3 - (7 - (4 + -3))) + 3. List the prime factors of n(h).
2
Let m(t) = 3*t**2 - 5*t + 4. Let l = 56 - 61. What are the prime factors of m(l)?
2, 13
Let y(g) = -g**3 - 16*g**2 - 15*g + 11. Let z be y(-15). Suppose 0*c + c - z = 5*k, 6 = 3*k. What are the prime factors of c?
3, 7
Suppose 16*b - 11*b = 50. Suppose 2*f - 3*f + b = 0. What are the prime factors of 280/(-12)*(-15)/f?
5, 7
Let s(l) = 26*l**2 - 16*l + 37. List the prime factors of s(4).
389
Let p = -14 - -4. Let v be 10/5 + p + -3. Let m = 25 + v. What are the prime factors of m?
2, 7
Let r be 4/(-1 - (-10)/6). Suppose -6 = -r*x + 8*x. Let h = 7 + x. What are the prime factors of h?
2
What are the prime factors of (3 + (-282)/(-18))*6?
2, 7
Suppose 6*y - 3049 - 389 = 0. What are the prime factors of y?
3, 191
Let f(z) = 40*z - 54. What are the prime factors of f(4)?
2, 53
Suppose -x + 2*w = 15, 0 = -3*x - 4*w - 37 + 2. Let c be x/(-3) - (-4)/6. Suppose -c*j + 100 = -70. What are the prime factors of j?
2, 17
Let r = 571 - 285. List the prime factors of r.
2, 11, 13
Let s be (-6)/((-3211)/(-1604) + -13 + 11). What are the prime factors of (-4)/(-3) + s/(-24)?
3, 5
What are the prime factors of (872/(-12))/(12/(-342))?
19, 109
Let p = 2741 - 836. List the prime factors of p.
3, 5, 127
Let b(w) = 2*w - 14. Let a be b(13). Let t = a - -13. List the prime factors of t.
5
Suppose 6*x - 4011 = 507. List the prime factors of x.
3, 251
Suppose -72*m + 68*m - 4*u + 5400 = 0, 4050 = 3*m - 4*u. What are the prime factors of m?
2, 3, 5
Suppose -5*h = a - 40, -33 - 23 = -2*a - 4*h. Let q = a - 8. Let i = 64 - q. List the prime factors of i.
2, 13
Let x be -11 - -4*3/(-4). What are the prime factors of 4/x - (-2784)/42?
2, 3, 11
Let i = -32 - -85. Let y be (20/8)/((-2)/12). Let r = i + y. List the prime factors of r.
2, 19
Let b(z) be the first derivative of z**2/2 + z + 5. Let k(y) = -y**2 + 11*y. Let l(p) = 3*b(p) - k(p). List the prime factors of l(8).
3
Let c = 6558 - 4122. List the prime factors of c.
2, 3, 7, 29
List the prime factors of (-2189)/(-1) - (-747)/83.
2, 7, 157
Suppose 5280 = -50*f + 56*f. What are the prime factors of f?
2, 5, 11
Let b(r) = -r**3 + 2*r**2 - 3*r + 4. Let n be b(2). What are the prime factors of 4/n - (-27 + -5)?
2, 3, 5
Suppose 0 = -3*o - 5 + 32. Suppose -4*n - 250 = -o*n. List the prime factors of n.
2, 5
Suppose -y - 12 = -2*y. Suppose 2*m - 5*u - 40 = 0, 2*u + 26 + y = 3*m. List the prime factors of m.
2, 5
Let t = 2811 + -2004. What are the prime factors of t?
3, 269
Suppose -4*u + 6 = 2*s, u - 3*u + 18 = -4*s. List the prime factors of (-111)/(9/6 + s).
2, 37
Let g(r) = -r**3 + 4*r**2 - 4*r. Let b be g(2). Let s be 28 - (6 + b + -3). Let v = s - -7. List the prime factors of v.
2
What are the prime factors of (8 + (2 - 893))*-1?
883
What are the prime factors of (615/(1 + 4))/(7/245)?
3, 5, 7, 41
Let a(d) = 2173*d + 54. List the prime factors of a(1).
17, 131
Let l(n) = 6*n + 6. Let w = 31 + -29. List the prime factors of l(w).
2, 3
Suppose 0 = -15*q + 21*q - 1038. List the prime factors of q.
173
Let n(p) = p**2 + 9*p - 12*p + 8 - 5*p. Let x be n(8). What are the prime factors of 2/5 - x/(-5)?
2
Suppose -2*v + 392 = -9*v. Let p = 75 + v. List the prime factors of p.
19
Suppose 11 = w + a, -22 = -2*w - 3*a - 2. Let f = 57 - -5. Suppose -15*k + f = -w*k. What are the prime factors of k?
31
Suppose -73 = -u + 129. Suppose -4*j + u = 3*w, -3*j + 3 = -0. List the prime factors of w.
2, 3, 11
Suppose -4*r = 3*b - 668, b = -0*b + r + 232. Suppose 0 = -0*l + 4*l - b. List the prime factors of l.
3, 19
Let l(p) = -p**3 + 5*p**2 + p + 1. Let d(r) = r**2 - r - 4. Let b be d(0). List the prime factors of l(b).
3, 47
Let h(x) = -x**3 + 9*x**2 + 18*x + 8. What are the prime factors of h(8)?
2, 3
Suppose 8*g - 307 = 7*g + 3*v, -295 = -g - v. What are the prime factors of g?
2, 149
Let k be ((-2)/3)/((-18)/(-27)). Let c(f) = -55*f**3 - 2*f - 3. What are the prime factors of c(k)?
2, 3
Suppose 0 = -6*s + 298 + 1976. What are the prime factors of s?
379
Suppose 2*i - 6*i = 0. Suppose -u + 116 + 39 = i. List the prime factors of u/4 + 1/4.
3, 13
Suppose 2*n - 5*h = -7, -2*n - 5*h + 35 = 3*n. Suppose 3*a + 2*a = -25, 5*a = -n*w + 83. What are the prime factors of w?
3
What are the prime factors of (4/(-2))/((-5)/10) + 22?
2, 13
Let s = -2513 + 4574. What are the prime factors of s?
3, 229
Let f = -23 - -25. Let k(m) = -f*m**2 + m**2 + 3 + 0*m - 4*m + 3*m**2. List the prime factors of k(5).
3, 11
Let z(g) = -g**3 - 11*g**2 + 4. Suppose -3*n + 33 = -6*n. Let m be z(n). Suppose 2*q - m = -0*q. What are the prime factors of q?
2
Suppose 2*x - 30 = 5*z - 6, -5*z = -4*x + 28. Suppose 14 + 12 = x*u. List the prime factors of u.
13
Let h be (-2 - 0/(-1)) + 4. Suppose 6 = h*s - 3*s. What are the prime factors of ((-39)/s)/1*4?
2, 13
Let f be 3/(-12) + 1011/12. Let a = f + -43. Let s = a + -7. List the prime factors of s.
2, 17
Suppose 2*p - 3*r - 22 = 0, -5*p + p = 4*r - 4. Suppose p*s - 4*s - 15 = 0. List the prime factors of s.
3, 5
Let v be (-8)/60 + (-2)/(-15). Suppose v*g - 3*g + 36 = 0. List the prime factors of (-51)/2*(-8)/g.
17
Suppose 53*b = -24*b + 18480. List the prime factors of b.
2, 3, 5
List the prime factors of 162/(-30)*1*-25.
3, 5
Let i(t) = -44*t + 76. List the prime factors of i(-3).
2, 13
Suppose 2*m + m = 24. Let x = -18 + m. List the prime factors of 208/20*x/(-4).
2, 13
List the prime factors of 4*3/24*(998 - 12).
17, 29
Let f = 166 + -163. Suppose q = -3*t + 5*q - 387, -5*t - 645 = q. What are the prime factors of (t/(-1))/f - 0?
43
Let z be ((-196)/20)/(2/10*-1). Let j = z + -1. What are the prime factors of j?
2, 3
Suppose -6*h = -4*h - 6. Suppose 0 = -2*u - h*n + 9 + 67, 3*n = -3*u + 111. What are the prime factors of u?
5, 7
Let q(b) = -2*b**3 + 26*b**2 - b + 15. Let o be q(13). Suppose 370 = o*f + 3*c, f - 2*c - 185 = -0*f. What are the prime factors of f?
5, 37
Let v be 3*-3*(8/(-12))/(-2). What are the prime factors of (40/(-14))/(0 + v/21)?
2, 5
List the prime factors 